{"id":20,"date":"2014-04-30T09:54:55","date_gmt":"2014-04-30T09:54:55","guid":{"rendered":"http:\/\/labwakim.edgineers.net\/?page_id=20"},"modified":"2014-09-23T09:43:42","modified_gmt":"2014-09-23T09:43:42","slug":"a-propos","status":"publish","type":"page","link":"https:\/\/centremedicalwakim.com\/?page_id=20","title":{"rendered":"A PROPOS"},"content":{"rendered":"<p><strong>Le Centre M\u00e9dical Wakim<\/strong> se situe au coeur de la ville de Jounieh, \u00e0 Haret Sakhr, \u00e0 proximit\u00e9 du stade Fouad Chehab. Le Centre a \u00e9t\u00e9 construit sp\u00e9cialement pour accueillir le <strong>laboratoire et l\u2019imagerie m\u00e9dicale<\/strong> sur une superficie de 1800m2 avec un parking priv\u00e9 de 1500m2 entour\u00e9 d&#8217;un tr\u00e8s bel espace vert.<\/p>\n<p>&nbsp;<\/p>\n<p>Ouvert depuis 1977, le Laboratoire Wakim est <strong>le premier laboratoire priv\u00e9 cr\u00e9\u00e9 dans la r\u00e9gion du Kesrouan<\/strong>. Il d\u00e9m\u00e9nage en 2006 pour occuper le 1er \u00e9tage du Centre M\u00e9dical Wakim o\u00f9 <strong>l\u2019Imagerie M\u00e9dicale<\/strong> sera ensuite cr\u00e9\u00e9e en 2011 aux 2\u00e8me et 3\u00e8me \u00e9tages.<\/p>\n<p>&nbsp;<\/p>\n<p><strong>Equip\u00e9 d\u2019appareils num\u00e9ris\u00e9s et de mat\u00e9riels neufs de grande qualit\u00e9 et de derni\u00e8re g\u00e9n\u00e9ration,<\/strong> le Centre M\u00e9dical Wakim permet de faire en toute s\u00e9curit\u00e9 les diagnostics les plus pr\u00e9cis.<\/p>\n<p>&nbsp;<\/p>\n<p>Les m\u00e9decins sp\u00e9cialistes et le personnel m\u00e9dical du centre\u00a0mettent tout leur savoir et leur comp\u00e9tence\u00a0afin de servir nos patients dans les meilleures conditions, de l\u2019accueil au rendu des r\u00e9sultats et cela <strong>dans le respect, l\u2019aimabilit\u00e9 et le professionalisme<\/strong>.<\/p>\n<p>&nbsp;<\/p>\n","protected":false},"excerpt":{"rendered":"<p>Le Centre M\u00e9dical Wakim se situe au coeur de la ville de Jounieh, \u00e0 Haret<a href=\"https:\/\/centremedicalwakim.com\/?page_id=20\"> Read more&#8230;<\/a><\/p>\n","protected":false},"author":1,"featured_media":0,"parent":0,"menu_order":0,"comment_status":"open","ping_status":"open","template":"","meta":{"pagelayer_contact_templates":[],"_pagelayer_content":"","_monsterinsights_skip_tracking":false,"_monsterinsights_sitenote_active":false,"_monsterinsights_sitenote_note":"","_monsterinsights_sitenote_category":0,"footnotes":""},"class_list":["post-20","page","type-page","status-publish","hentry"],"_links":{"self":[{"href":"https:\/\/centremedicalwakim.com\/index.php?rest_route=\/wp\/v2\/pages\/20","targetHints":{"allow":["GET"]}}],"collection":[{"href":"https:\/\/centremedicalwakim.com\/index.php?rest_route=\/wp\/v2\/pages"}],"about":[{"href":"https:\/\/centremedicalwakim.com\/index.php?rest_route=\/wp\/v2\/types\/page"}],"author":[{"embeddable":true,"href":"https:\/\/centremedicalwakim.com\/index.php?rest_route=\/wp\/v2\/users\/1"}],"replies":[{"embeddable":true,"href":"https:\/\/centremedicalwakim.com\/index.php?rest_route=%2Fwp%2Fv2%2Fcomments&post=20"}],"version-history":[{"count":8,"href":"https:\/\/centremedicalwakim.com\/index.php?rest_route=\/wp\/v2\/pages\/20\/revisions"}],"predecessor-version":[{"id":335,"href":"https:\/\/centremedicalwakim.com\/index.php?rest_route=\/wp\/v2\/pages\/20\/revisions\/335"}],"wp:attachment":[{"href":"https:\/\/centremedicalwakim.com\/index.php?rest_route=%2Fwp%2Fv2%2Fmedia&parent=20"}],"curies":[{"name":"wp","href":"https:\/\/api.w.org\/{rel}","templated":true}]}}