{"id":18,"date":"2014-04-30T09:54:38","date_gmt":"2014-04-30T09:54:38","guid":{"rendered":"http:\/\/labwakim.edgineers.net\/?page_id=18"},"modified":"2014-09-23T14:33:30","modified_gmt":"2014-09-23T14:33:30","slug":"laboratoire","status":"publish","type":"page","link":"https:\/\/centremedicalwakim.com\/?page_id=18","title":{"rendered":"LABORATOIRE D\u2019ANALYSES MEDICALES"},"content":{"rendered":"<p>Les diff\u00e9rents types d\u2019examens effectu\u00e9s au sein de nos laboratoires, Jounieh et Ant\u00e9lias, permettent d\u2019aider votre m\u00e9decin \u00e0 diagnostiquer et \u00e0 suivre votre \u00e9tat de sant\u00e9.<\/p>\n<p><strong>Les laboratoires vous assurent une qualit\u00e9, une fiabilit\u00e9, le secret m\u00e9dical<\/strong> ainsi qu\u2019un rendu des r\u00e9sultats rapide et pr\u00e9cis.<\/p>\n<h4 class=\"cursorclass\" data-toggle=\"collapse\" data-target=\"#content1\"><strong>Pr\u00e9l\u00e8vements<\/strong><\/h4>\n<div id=\"content1\" class=\"collapse\"><strong><span style=\"text-decoration: underline;\">Les pr\u00e9l\u00e8vements au laboratoire<\/span><\/strong><br \/> Les pr\u00e9l\u00e8vements se font pendant toute la dur\u00e9e d\u2019ouverture, il n\u2019est pas n\u00e9cessaire de prendre rendez-vous.\u00a0<\/p>\n<p><span style=\"text-decoration: underline;\"><strong>Les pr\u00e9l\u00e8vements \u00e0 domicile<\/strong><\/span><\/p>\n<p>Les laboratoires de Jounieh et d\u2019Ant\u00e9lias assurent des pr\u00e9l\u00e8vements \u00e0 domicile entre 7h00 et 9h00, du lundi au samedi. Les r\u00e9gions desservies sont: le Kesrouan, le Metn Nord et le Grand Beyrouth. Veuillez nous contacter la veille pour prendre rendez-vous. <strong><em>(<a href=\"http:\/\/centremedicalwakim.com\/?page_id=14\">Nous contacter<\/a>)<\/em><\/strong><\/p>\n<\/div>\n<h4 class=\"cursorclass\" data-toggle=\"collapse\" data-target=\"#content2\"><strong>Analyses m\u00e9dicales<\/strong><\/h4>\n<div id=\"content2\" class=\"collapse\">\n<p><strong>Les tests disponibles <\/strong><\/p>\n<ul>\n<li><strong>Allergies alimentaires et respiratoires<\/strong><\/li>\n<li><strong>Biochimie de routine et sp\u00e9cialis\u00e9e<\/strong><\/li>\n<li><strong>Biochimie mol\u00e9culaire et PCR<\/strong><\/li>\n<li><strong>D\u00e9pistage de drogues<\/strong><\/li>\n<li><strong>Endocrinologie<\/strong><\/li>\n<li><strong>Examens n\u00e9cessaires pour le mariage<\/strong><\/li>\n<li><strong>Examens n\u00e9cessaires pour les travailleurs \u00e9trangers<\/strong><\/li>\n<li><strong>H\u00e9matologie<\/strong><\/li>\n<li><strong>H\u00e9mostase<\/strong><\/li>\n<li><strong>Immunofluorescence <\/strong><\/li>\n<li><strong>Immunologie<\/strong><\/li>\n<li><strong>Microbiologie\u00a0: Bact\u00e9riologie, Parasitologie, Mycologie<\/strong><\/li>\n<li><strong>Suivi th\u00e9rapeutique des m\u00e9dicaments<\/strong><\/li>\n<li><strong>Triple tests pour les femmes enceintes<\/strong><\/li>\n<li><strong>Analyses v\u00e9t\u00e9rinaires<\/strong><\/li>\n<\/ul>\n<\/div>\n<h4 class=\"cursorclass\" data-toggle=\"collapse\" data-target=\"#content3\"><strong>R\u00e9sultats<\/strong><\/h4>\n<div id=\"content3\" class=\"collapse\">Les r\u00e9sultats des examens de routine sont rendus <strong>le jour m\u00eame<\/strong> au laboratoire et sur le site internet, Les r\u00e9sultats des examens sp\u00e9cialis\u00e9s sont rendus apr\u00e8s deux \u00e0 dix jours.<\/div>\n<h4 class=\"cursorclass\" data-toggle=\"collapse\" data-target=\"#content4\"><strong>Recommandations<\/strong><\/h4>\n<div id=\"content4\" class=\"collapse\">\n<ol>\n<li>Certaines analyses n\u00e9cessitent d\u2019\u00eatre \u00e0 jeun depuis 12 heures: Triglyc\u00e9rides, Breath test, Glyc\u00e9mie, Insuline<\/li>\n<li>Dosage des m\u00e9dicaments: Sauf indication contraire du m\u00e9decin, le dosage des m\u00e9dicaments\u00a0se fait avant la nouvelle prise (dosage r\u00e9siduel)<\/li>\n<li>Analyses hormonales chez la femme: Le pr\u00e9l\u00e8vement se fait le plus souvent entre le 2\u00e8me et le 5\u00e8me jour du cycle<\/li>\n<\/ol>\n<\/div>\n<h4 class=\"cursorclass\" data-toggle=\"collapse\" data-target=\"#content5\"><strong>Les formalit\u00e9s administratives<\/strong><\/h4>\n<div id=\"content5\" class=\"collapse\">\n<p>Les patients non assur\u00e9s peuvent faire leurs examens avec ou sans ordonnance.<\/p>\n<p><span style=\"text-decoration: underline;\">\u00a0<strong>S\u00e9curit\u00e9 Sociale:<\/strong><\/span><\/p>\n<p>Les patients assur\u00e9s \u00e0 la S\u00e9curit\u00e9 Sociale doivent \u00eatre munis d\u2019une ordonnance du m\u00e9decin sur une feuille de la S\u00e9curit\u00e9 Sociale.<\/p>\n<p><span style=\"text-decoration: underline;\"><strong>Assurances priv\u00e9es:\u00a0<\/strong><\/span><\/p>\n<p>Les patients assur\u00e9s aupr\u00e8s des assurances priv\u00e9es doivent \u00eatre munis de:<\/p>\n<ul>\n<li>une ordonnance et <strong>un rapport m\u00e9dical<\/strong> du m\u00e9decin<\/li>\n<li>la carte d\u2019assurance et la carte d\u2019identit\u00e9.<\/li>\n<\/ul>\n<p>La date de l\u2019ordonnance ne doit pas d\u00e9passer <strong>14 jours<\/strong>.<\/p>\n<\/div>\n<p>&nbsp;<\/p>\n","protected":false},"excerpt":{"rendered":"<p>Les diff\u00e9rents types d\u2019examens effectu\u00e9s au sein de nos laboratoires, Jounieh et Ant\u00e9lias, permettent d\u2019aider<a href=\"https:\/\/centremedicalwakim.com\/?page_id=18\"> Read more&#8230;<\/a><\/p>\n","protected":false},"author":1,"featured_media":0,"parent":0,"menu_order":0,"comment_status":"open","ping_status":"open","template":"","meta":{"pagelayer_contact_templates":[],"_pagelayer_content":"","_monsterinsights_skip_tracking":false,"_monsterinsights_sitenote_active":false,"_monsterinsights_sitenote_note":"","_monsterinsights_sitenote_category":0,"footnotes":""},"class_list":["post-18","page","type-page","status-publish","hentry"],"_links":{"self":[{"href":"https:\/\/centremedicalwakim.com\/index.php?rest_route=\/wp\/v2\/pages\/18","targetHints":{"allow":["GET"]}}],"collection":[{"href":"https:\/\/centremedicalwakim.com\/index.php?rest_route=\/wp\/v2\/pages"}],"about":[{"href":"https:\/\/centremedicalwakim.com\/index.php?rest_route=\/wp\/v2\/types\/page"}],"author":[{"embeddable":true,"href":"https:\/\/centremedicalwakim.com\/index.php?rest_route=\/wp\/v2\/users\/1"}],"replies":[{"embeddable":true,"href":"https:\/\/centremedicalwakim.com\/index.php?rest_route=%2Fwp%2Fv2%2Fcomments&post=18"}],"version-history":[{"count":34,"href":"https:\/\/centremedicalwakim.com\/index.php?rest_route=\/wp\/v2\/pages\/18\/revisions"}],"predecessor-version":[{"id":346,"href":"https:\/\/centremedicalwakim.com\/index.php?rest_route=\/wp\/v2\/pages\/18\/revisions\/346"}],"wp:attachment":[{"href":"https:\/\/centremedicalwakim.com\/index.php?rest_route=%2Fwp%2Fv2%2Fmedia&parent=18"}],"curies":[{"name":"wp","href":"https:\/\/api.w.org\/{rel}","templated":true}]}}